thousands digit of 4834?
4
What is the tens digit of 101?
0
What is the thousands digit of 8397?
8
What is the hundreds digit of 1060?
0
What is the tens digit of 8296?
9
What is the hundreds digit of 326?
3
What is the thousands digit of 1176?
1
What is the thousands digit of 5338?
5
What is the tens digit of 5334?
3
What is the ten thousands digit of 16595?
1
What is the tens digit of 10608?
0
What is the hundreds digit of 5340?
3
What is the thousands digit of 1838?
1
What is the tens digit of 13640?
4
What is the units digit of 360?
0
What is the tens digit of 13887?
8
What is the units digit of 2053?
3
What is the units digit of 119?
9
What is the tens digit of 1886?
8
What is the units digit of 31497?
7
What is the thousands digit of 17404?
7
What is the thousands digit of 1842?
1
What is the hundreds digit of 13733?
7
What is the tens digit of 1290?
9
What is the thousands digit of 1636?
1
What is the tens digit of 26851?
5
What is the hundreds digit of 8474?
4
What is the thousands digit of 28114?
8
What is the hundreds digit of 92881?
8
What is the tens digit of 10918?
1
What is the thousands digit of 23654?
3
What is the units digit of 4192?
2
What is the tens digit of 36362?
6
What is the tens digit of 240?
4
What is the hundreds digit of 46256?
2
What is the hundreds digit of 1083?
0
What is the units digit of 154780?
0
What is the units digit of 3?
3
What is the thousands digit of 7024?
7
What is the thousands digit of 72900?
2
What is the units digit of 45053?
3
What is the hundreds digit of 363?
3
What is the thousands digit of 1292?
1
What is the tens digit of 3434?
3
What is the tens digit of 5473?
7
What is the tens digit of 786?
8
What is the thousands digit of 122808?
2
What is the hundreds digit of 43106?
1
What is the tens digit of 7764?
6
What is the ten thousands digit of 46090?
4
What is the tens digit of 882?
8
What is the tens digit of 5448?
4
What is the hundreds digit of 74108?
1
What is the units digit of 73?
3
What is the tens digit of 11960?
6
What is the units digit of 39724?
4
What is the tens digit of 3204?
0
What is the thousands digit of 86513?
6
What is the hundreds digit of 1476?
4
What is the units digit of 1430?
0
What is the tens digit of 1094?
9
What is the thousands digit of 1302?
1
What is the thousands digit of 2893?
2
What is the ten thousands digit of 25792?
2
What is the hundreds digit of 2394?
3
What is the hundred thousands digit of 174962?
1
What is the hundreds digit of 684?
6
What is the tens digit of 2226?
2
What is the hundreds digit of 246?
2
What is the hundreds digit of 354?
3
What is the thousands digit of 1553?
1
What is the hundreds digit of 54737?
7
What is the units digit of 198?
8
What is the thousands digit of 2613?
2
What is the thousands digit of 1517?
1
What is the tens digit of 127358?
5
What is the tens digit of 1414?
1
What is the thousands digit of 1465?
1
What is the hundreds digit of 21150?
1
What is the tens digit of 3360?
6
What is the ten thousands digit of 26081?
2
What is the tens digit of 2358?
5
What is the ten thousands digit of 29439?
2
What is the units digit of 3742?
2
What is the tens digit of 1641?
4
What is the tens digit of 131?
3
What is the hundreds digit of 6182?
1
What is the thousands digit of 8353?
8
What is the hundreds digit of 1440?
4
What is the thousands digit of 49358?
9
What is the hundreds digit of 146688?
6
What is the units digit of 996?
6
What is the ten thousands digit of 58225?
5
What is the hundreds digit of 2602?
6
What is the units digit of 851?
1
What is the hundreds digit of 617?
6
What is the units digit of 7331?
1
What is the ten thousands digit of 135353?
3
What is the units digit of 852?
2
What is the units digit of 3176?
6
What is the units digit of 841?
1
What is the thousands digit of 5988?
5
What is the units digit of 1006?
6
What is the thousands digit of 28099?
8
What is the hundreds digit of 129955?
9
What is the ten thousands digit of 16845?
1
What is the units digit of 748?
8
What is the tens digit of 1174?
7
What is the hundreds digit of 220?
2
What is the tens digit of 4018?
1
What is the thousands digit of 3387?
3
What is the thousands digit of 2173?
2
What is the units digit of 1774?
4
What is the ten thousands digit of 14733?
1
What is the ten thousands digit of 10581?
1
What is the units digit of 8823?
3
What is the tens digit of 243?
4
What is the units digit of 4238?
8
What is the tens digit of 699?
9
What is the tens digit of 7309?
0
What is the hundreds digit of 7224?
2
What is the ten thousands digit of 19505?
1
What is the tens digit of 91048?
4
What is the thousands digit of 10390?
0
What is the units digit of 16213?
3
What is the units digit of 4?
4
What is the ten thousands digit of 77954?
7
What is the tens digit of 58236?
3
What is the tens digit of 33628?
2
What is the tens digit of 18352?
5
What is the tens digit of 2810?
1
What is the tens digit of 17322?
2
What is the tens digit of 4522?
2
What is the thousands digit of 2383?
2
What is the tens digit of 164519?
1
What is the hundreds digit of 551?
5
What is the hundreds digit of 123134?
1
What is the tens digit of 620?
2
What is the hundreds digit of 156823?
8
What is the units digit of 51?
1
What is the hundreds digit of 67849?
8
What is the tens digit of 501?
0
What is the hundreds digit of 457?
4
What is the units digit of 43264?
4
What is the tens digit of 4393?
9
What is the units digit of 25656?
6
What is the units digit of 117500?
0
What is the ten thousands digit of 10667?
1
What is the tens digit of 98269?
6
What is the tens digit of 1539?
3
What is the thousands digit of 80716?
0
What is the tens digit of 22078?
7
What is the thousands digit of 2236?
2
What is the ten thousands digit of 82222?
8
What is the tens digit of 21413?
1
What is the units digit of 9541?
1
What is the ten thousands digit of 41556?
4
What is the thousands digit of 14603?
4
What is the tens digit of 3239?
3
What is the thousands digit of 20007?
0
What is the tens digit of 48587?
8
What is the units digit of 747?
7
What is the tens digit of 40537?
3
What is the hundreds digit of 27079?
0
What is the thousands digit of 19870?
9
What is the units digit of 4200?
0
What is the hundreds digit of 16778?
7
What is the tens digit of 921?
2
What is the hundreds digit of 171478?
4
What is the units digit of 945?
5
What is the tens digit of 2573?
7
What is the units digit of 1250?
0
What is the thousands digit of 4031?
4
What is the units digit of 5391?
1
What is the units digit of 20982?
2
What is the tens digit of 1911?
1
What is the units digit of 9259?
9
What is the hundreds digit of 6607?
6
What is the hundreds digit of 27114?
1
What is the units digit of 51696?
6
What is the ten thousands digit of 40361?
4
What is the units digit of 3600?
0
What is the tens digit of 3451?
5
What is the hundreds digit of 1658?
6
What is the units digit of 2073?
3
What is the thousands digit of 5089?
5
What is the thousands digit of 6550?
6
What is the ten thousands digit of 52769?
5
What is the tens digit of 24022?
2
What is the thousands digit of 2808?
2
What is the units digit of 23607?
7
What is the units digit of 4226?
6
What is the units digit of 1?
1
What is the tens digit of 2363?
6
What is the units digit of 1769?
9
What is the thousands digit of 21579?
1
What is the units digit of 4652?
2
What is the units digit of 4916?
6
What is the thousands digit of 38123?
8
What is the thousands digit of 69929?
9
What is the units digit of 2556?
6
What is the tens digit of 730?
3
What is the ten thousands digit of 109619?
0
What is the units digit of 78068?
8
What is the ten thousands digit of 99346?
9
What is the units digit of 23325?
5
What is the thousands digit of 9128?
9
What is the tens digit of 249?
4
What is the units digit of 2850?
0
What is the thousands digit of 4699?
4
What is the thousands digit of 2280?
2
What is the units digit of 30?
0
What is the units digit of 9266?
6
What is the thousands digit of 10079?
0
What is the hundreds digit of 1191?
1
What is the hundreds digit of 55357?
3
What is the units digit of 16784?
4
What is the thousands digit of 1538?
1
What is the ten thousands digit of 15000?
1
What is the units digit of 5152?
2
What is the hundreds digit of 2384?
